{"id":131,"date":"2020-08-11T12:03:59","date_gmt":"2020-08-11T12:03:59","guid":{"rendered":"http:\/\/apfelsaftstuebl.de\/?page_id=131"},"modified":"2025-09-05T21:32:40","modified_gmt":"2025-09-05T21:32:40","slug":"preise","status":"publish","type":"page","link":"https:\/\/apfelsaftstuebl.de\/?page_id=131","title":{"rendered":"Preise"},"content":{"rendered":"\n<div class=\"wp-block-group\"><div class=\"wp-block-group__inner-container is-layout-flow wp-block-group-is-layout-flow\">\n<h2 class=\"wp-block-heading\"><strong>Lohnmosterei<\/strong><\/h2>\n\n\n\n<p>Die derzeitige wirtschaftliche Situation wirkt sich auch auf unseren Betrieb aus. Daher sind auch wir leider gezwungen unsere Preise ab 2022, wenn auch nur geringf\u00fcgig, anzupassen um Ihnen weiterhin den gewohnten Service und die bestm\u00f6gliche Qualit\u00e4t bieten zu k\u00f6nnen. Wir bedanken uns f\u00fcr Ihr Verst\u00e4ndnis.<\/p>\n\n\n\n<p><strong>5 Liter<\/strong>           <\/p>\n\n\n\n<p>6,20 \u20ac (inkl. Karton)        ;  5,50  \u20ac (ohne Karton)<\/p>\n<\/div><\/div>\n\n\n\n<p><strong>3 Liter<\/strong>           <\/p>\n\n\n\n<p>5,00 \u20ac (inkl. Karton)        ;  4,30 \u20ac (ohne Karton)<\/p>\n\n\n\n<p>Bei Verarbeitung von Quitten, Beeren oder anderem Obst erheben wir einen Preisaufschlag  auf Grund des erh\u00f6hten Maschinenverschlei\u00dfes als auch deutlich h\u00f6heren und zeitintensiveren Reinigungsaufwandes und Mehraufwandes bei der Verarbeitung, bitte erfragen Sie unsere Konditionen und Bedingungen vorab hierzu. Bitte beachten Sie, dass wir kein Steinobst verarbeiten k\u00f6nnen.<\/p>\n\n\n\n<p>Mengenrabatt: <strong>Ab 100 Liter <\/strong>(Richwert ca. 170 kg) erhalten Sie <strong>5% <\/strong>Rabatt.  <\/p>\n\n\n\n<p>Kaltabf\u00fcllung: 0,80 \u20ac\/Liter (Vororttermin und Sofortmitnahme im eigenen Gef\u00e4\u00df)<\/p>\n\n\n\n<p>Insofern Sie bereits passende Bag-in Box-Kartons (3 oder 5 l) besitzen und diese sich in einem einwandfreiem Zustand befinden, k\u00f6nnen diese gern wieder verwendet werden und Sie erhalten einen Preisnachlass (siehe Tabelle). Die Kartons sind jedoch <strong>keine Pfandkartons<\/strong>.<\/p>\n\n\n\n<p><\/p>\n\n\n\n<div class=\"wp-block-group\"><div class=\"wp-block-group__inner-container is-layout-flow wp-block-group-is-layout-flow\">\n<h2 class=\"wp-block-heading\"><strong>Saftverkauf ohne Obstlieferung<\/strong><\/h2>\n<\/div><\/div>\n\n\n\n<p>Apfelsaft pur <\/p>\n\n\n\n<p><strong>5 Liter <\/strong>              <\/p>\n\n\n\n<p>11,00 \u20ac  (inkl. Beutel und Karton)<\/p>\n\n\n\n<p><strong>3 Liter     <\/strong>         <\/p>\n\n\n\n<p> 8,00 \u20ac (inkl. Beutel und Karton)<\/p>\n\n\n\n<p>Mischs\u00e4fte Preise auf Anfrage<\/p>\n\n\n\n<p><\/p>\n\n\n\n<p>Bitte beachten Sie, dass wir <strong>keine Kartenzahlung<\/strong> anbieten.<\/p>\n\n\n\n<p><\/p>\n\n\n\n<p>Der Ankauf Ihres Obstes ist ebenfalls bei Bedarf m\u00f6glich &#8211; bitte mit vorheriger telefonischer Absprache. <\/p>\n\n\n\n<p><\/p>\n","protected":false},"excerpt":{"rendered":"<p>Lohnmosterei Die derzeitige wirtschaftliche Situation wirkt sich auch auf unseren Betrieb aus. Daher sind auch wir leider gezwungen unsere Preise ab 2022, wenn auch nur geringf\u00fcgig, anzupassen um Ihnen weiterhin den gewohnten Service und die bestm\u00f6gliche Qualit\u00e4t bieten zu k\u00f6nnen. Wir bedanken uns f\u00fcr Ihr Verst\u00e4ndnis. 5 Liter 6,20 \u20ac (inkl. Karton) ; 5,50 \u20ac &hellip; <\/p>\n<p class=\"link-more\"><a href=\"https:\/\/apfelsaftstuebl.de\/?page_id=131\" class=\"more-link\"><span class=\"screen-reader-text\">\u201ePreise\u201c<\/span> weiterlesen<\/a><\/p>\n","protected":false},"author":1,"featured_media":0,"parent":0,"menu_order":0,"comment_status":"closed","ping_status":"closed","template":"","meta":{"footnotes":""},"class_list":["post-131","page","type-page","status-publish","hentry"],"_links":{"self":[{"href":"https:\/\/apfelsaftstuebl.de\/index.php?rest_route=\/wp\/v2\/pages\/131","targetHints":{"allow":["GET"]}}],"collection":[{"href":"https:\/\/apfelsaftstuebl.de\/index.php?rest_route=\/wp\/v2\/pages"}],"about":[{"href":"https:\/\/apfelsaftstuebl.de\/index.php?rest_route=\/wp\/v2\/types\/page"}],"author":[{"embeddable":true,"href":"https:\/\/apfelsaftstuebl.de\/index.php?rest_route=\/wp\/v2\/users\/1"}],"replies":[{"embeddable":true,"href":"https:\/\/apfelsaftstuebl.de\/index.php?rest_route=%2Fwp%2Fv2%2Fcomments&post=131"}],"version-history":[{"count":29,"href":"https:\/\/apfelsaftstuebl.de\/index.php?rest_route=\/wp\/v2\/pages\/131\/revisions"}],"predecessor-version":[{"id":542,"href":"https:\/\/apfelsaftstuebl.de\/index.php?rest_route=\/wp\/v2\/pages\/131\/revisions\/542"}],"wp:attachment":[{"href":"https:\/\/apfelsaftstuebl.de\/index.php?rest_route=%2Fwp%2Fv2%2Fmedia&parent=131"}],"curies":[{"name":"wp","href":"https:\/\/api.w.org\/{rel}","templated":true}]}}