{"id":338,"date":"2020-10-08T19:31:29","date_gmt":"2020-10-08T19:31:29","guid":{"rendered":"http:\/\/apfelsaftstuebl.de\/?page_id=338"},"modified":"2020-10-08T19:31:29","modified_gmt":"2020-10-08T19:31:29","slug":"impressum-2","status":"publish","type":"page","link":"https:\/\/apfelsaftstuebl.de\/?page_id=338","title":{"rendered":"Impressum"},"content":{"rendered":"\n<p style=\"color:#84af17;font-size:18px\" class=\"has-text-color\">Apfelsaft St\u00fcbl GbR<\/p>\n\n\n\n<div class=\"wp-block-group\"><div class=\"wp-block-group__inner-container is-layout-flow wp-block-group-is-layout-flow\">\n<div class=\"wp-block-group\"><div class=\"wp-block-group__inner-container is-layout-flow wp-block-group-is-layout-flow\">\n<div class=\"wp-block-group\"><div class=\"wp-block-group__inner-container is-layout-flow wp-block-group-is-layout-flow\">\n<p>Susan &amp; Daniel Schmieder<br>Sch\u00f6nauer Stra\u00dfe 51a<br>09221 Neukirchen \/ Erzgebirge                                                              <\/p>\n<\/div><\/div>\n<\/div><\/div>\n<\/div><\/div>\n\n\n\n<p>Tel.: 01525 \/ 89 27 372<\/p>\n\n\n\n<p>Mail: info@apfelsaftstuebl.de<\/p>\n\n\n\n<p>Umsatzsteuer-Identifiaktionsummer: DE330613328<\/p>\n","protected":false},"excerpt":{"rendered":"<p>Apfelsaft St\u00fcbl GbR Susan &amp; Daniel SchmiederSch\u00f6nauer Stra\u00dfe 51a09221 Neukirchen \/ Erzgebirge Tel.: 01525 \/ 89 27 372 Mail: info@apfelsaftstuebl.de Umsatzsteuer-Identifiaktionsummer: DE330613328<\/p>\n","protected":false},"author":1,"featured_media":0,"parent":0,"menu_order":0,"comment_status":"closed","ping_status":"closed","template":"","meta":{"footnotes":""},"class_list":["post-338","page","type-page","status-publish","hentry"],"_links":{"self":[{"href":"https:\/\/apfelsaftstuebl.de\/index.php?rest_route=\/wp\/v2\/pages\/338","targetHints":{"allow":["GET"]}}],"collection":[{"href":"https:\/\/apfelsaftstuebl.de\/index.php?rest_route=\/wp\/v2\/pages"}],"about":[{"href":"https:\/\/apfelsaftstuebl.de\/index.php?rest_route=\/wp\/v2\/types\/page"}],"author":[{"embeddable":true,"href":"https:\/\/apfelsaftstuebl.de\/index.php?rest_route=\/wp\/v2\/users\/1"}],"replies":[{"embeddable":true,"href":"https:\/\/apfelsaftstuebl.de\/index.php?rest_route=%2Fwp%2Fv2%2Fcomments&post=338"}],"version-history":[{"count":22,"href":"https:\/\/apfelsaftstuebl.de\/index.php?rest_route=\/wp\/v2\/pages\/338\/revisions"}],"predecessor-version":[{"id":364,"href":"https:\/\/apfelsaftstuebl.de\/index.php?rest_route=\/wp\/v2\/pages\/338\/revisions\/364"}],"wp:attachment":[{"href":"https:\/\/apfelsaftstuebl.de\/index.php?rest_route=%2Fwp%2Fv2%2Fmedia&parent=338"}],"curies":[{"name":"wp","href":"https:\/\/api.w.org\/{rel}","templated":true}]}}